= 116*q - 172592. Calculate the remainder when q is divided by 109.
66
What is the remainder when (88/(-10))/((-85)/((-209950)/(-52))) is divided by 20?
18
Suppose 5*j - x + 2*x = 945, 4*x = 0. Suppose -z = -q - 40, z - 3*q - 93 = -49. What is the remainder when j is divided by z?
37
Let z = 1796 + -1268. Let q = -496 + z. What is the remainder when 123 is divided by q?
27
Suppose -2*n = -b - 276, -2*n + 288 = 3*b + 2*b. What is the remainder when 2084 is divided by n?
138
Suppose 33298 = 62*x - 21111 - 14907. What is the remainder when x is divided by 22?
18
Let b be (-4)/(-2) - (-2 - 3). Suppose -b*k = -17*k - 60. Calculate the remainder when 2*k*(-12)/9 is divided by 6.
4
Let v(w) = w**2 + w - 1. Suppose -l + 271 = 5*a, -5*a - 354 = -3*l + 439. Let u = l + -264. Calculate the remainder when v(-5) is divided by u.
1
Suppose 0 = -2*z - 5*p + 179, 347 = 4*z + 3*p - 32. What is the remainder when 391 is divided by z?
3
Let m = -77 - -79. Suppose m*x - 420 = -19*x. What is the remainder when -1*72/(-1 + -1) is divided by x?
16
Suppose 4*o + 6*n - 588 = 4*n, 0 = 3*o + n - 442. Calculate the remainder when o is divided by (24/(-56) - (-62)/14) + 26.
28
Let y = 9779 - 8583. Calculate the remainder when y is divided by 109.
106
Let u = 17498 - 16605. What is the remainder when u is divided by 32?
29
Suppose -l + 4955 = -6*l. Calculate the remainder when 2/(-6)*l + 23/(-69) is divided by 37.
34
Suppose -2*w - w = -357. Let r = 788 + -764. Calculate the remainder when w is divided by r.
23
Suppose 33*j - 4551 = -3363. What is the remainder when 734 is divided by j?
14
Suppose 0 = 2*j + 8, 4*m + 5*j + 74 = 770. What is the remainder when m is divided by 9?
8
Let d be 18/(-15)*-3*(-10)/9. Let z(r) = 5*r**2 - 8*r - 45. Calculate the remainder when 1004 is divided by z(d).
66
Suppose -5*a - 4*x + 145 = 0, 0 = -13*a + 14*a + x - 30. Calculate the remainder when 112 is divided by a.
12
Suppose 4*u - 2*d - 452730 = 0, 5*u + 4*d - 433923 - 132009 = 0. What is the remainder when 3/7 + u/504 is divided by 57?
54
Suppose 5*a = 2*m + 2*m + 2, 4*a - m = 6. Let r = -24 + 33. Suppose r = -12*n + 33. Calculate the remainder when a is divided by n.
0
Calculate the remainder when 420 is divided by ((-870)/90 + (1 - -3))/((-8)/144).
12
Let t(w) = -44*w + 280. Let c(v) = 5*v**2 - v - 5. What is the remainder when t(0) is divided by c(4)?
67
Let k be ((-21)/6 + 2)*-1*10. Suppose -21*l = k - 351. Let p(n) = n**3 - n**2 - 4*n - 1. What is the remainder when p(4) is divided by l?
15
Suppose 12503*v - 149850 = 12053*v. Calculate the remainder when v is divided by (14/(-8))/(1/(-28)).
39
Suppose 26*x - 68*x + 168 = 0. Calculate the remainder when (-3)/(-42)*x - 19197/(-63) is divided by 103.
99
Let t(a) = a. Suppose -3*v + 3*f = -39, -43 = -3*v + 3*f + f. Let l(i) = -4*i + 105. What is the remainder when l(v) is divided by t(8)?
5
Let q = 5580 + -4616. Calculate the remainder when q is divided by 44.
40
Suppose 2*f + 5*b - 79 = -31, 0 = -3*b - 12. Suppose 122*r = 80*r + 9954. Calculate the remainder when r is divided by f.
33
Suppose -151 = -2*f - 11. Suppose g + 57 = 2*h, 10*h + 28*g = 26*g + 250. Calculate the remainder when f is divided by h.
18
Let q be -2 - 5/(64/(-68) + 1). Let i = q + 124. Suppose 35*w + 90 = i*w. Calculate the remainder when w is divided by 13.
6
Let x be 5 + (4 - -3)/7. Suppose x*w = -36 + 108. What is the remainder when w is divided by 8?
4
Let z(r) = r**3 + 9*r**2 - 22*r + 25. Calculate the remainder when 718 is divided by z(5).
188
Let m(g) = 3*g + 71. Let j(w) = w + 24. Let o(r) = -17*j(r) + 6*m(r). What is the remainder when (1 - 2) + 1 - -37 is divided by o(2)?
17
Let n = 367 - 450. Let t = n - -132. Calculate the remainder when ((-291)/12)/((-1)/12) is divided by t.
46
Suppose 3*g = -9*g + 2064. Let a(j) = -j**2 - 8*j - 9. Let p be a(-10). Let h = p - -64. Calculate the remainder when g is divided by h.
32
Suppose 23*c - 5*x = 19*c + 434, 2*c = x + 220. Let w = 105 - 76. What is the remainder when c is divided by w?
24
Let d(n) be the first derivative of -n**4/4 + 4*n**3/3 + 2*n**2 + 8*n - 26. Calculate the remainder when d(-3) is divided by 12.
11
Let m = -1654 - -1692. Calculate the remainder when 330 is divided by m.
26
Suppose -6*f = 5*t - 3*f - 167, 5*t - 3*f - 143 = 0. Let x(c) = 120*c**2 + 1. Let v be (3 - (2 + -1))*1/2. What is the remainder when x(v) is divided by t?
28
Let b be 1/(-3 + 10/4) + 12. Let x = 3 + b. Let c = -9 - -31. What is the remainder when c is divided by x?
9
Let o = 2005 + -1878. Calculate the remainder when 140 is divided by o.
13
Let f(g) = g**2 + 2*g - 10. Let s be ((-16)/(-2))/(2/(-8)). Let a be -15*(s/(-6) + -5). What is the remainder when 12 is divided by f(a)?
2
Suppose -4*c + 181 = z, 3*c = z + 32 + 95. Suppose 4*d = 3*t - 168, -4*t - 2*d + 6*d = -224. What is the remainder when t is divided by c?
12
Let r(x) = -x**2 - 24*x - 90. Let d be 3 - 12/(-9)*-3. Let g = 38 - d. Calculate the remainder when g is divided by r(-5).
4
Let r be (-46)/(-161) - 194/(-7). Suppose -4 = -2*z, 3*w - r = -2*z + 6. Calculate the remainder when w is divided by 4.
2
Suppose -205*q + 41515 = -26750. What is the remainder when q is divided by 309?
24
Let x(c) = 2*c**3 + c**2 - 41*c - 164. Let m(a) = -a**3 - a**2 + 21*a + 82. Let f(y) = -7*m(y) - 3*x(y). Calculate the remainder when 21 is divided by f(-5).
8
Let u be 5360/(-44) - (72/33 + -2). Let z = u + 127. What is the remainder when 53 is divided by z?
3
Let f(d) = d**2 - 26. Let j be f(-5). Let c(x) = -19*x**3 + 2*x**2 + 3*x + 2. What is the remainder when 57 is divided by c(j)?
17
Let a(s) = 15*s - 498. Calculate the remainder when 729 is divided by a(34).
9
Calculate the remainder when ((0 - 2) + -2646)/(-5*(-28)/(-70)) is divided by 13.
11
Suppose -c - 4*z = -548, -15 = -327*z + 324*z. Calculate the remainder when c is divided by 76.
72
Let j be -15*(-3)/(-36)*4. Let m(a) = -43*a - 200. Calculate the remainder when 37 is divided by m(j).
7
Let x be (-1)/(50/(-120))*(-20)/(-6). Suppose -m = -46 - x. What is the remainder when 321 is divided by m?
51
Let l(w) = -299*w - 1. Let y be l(1). Let r = -90 - y. Suppose r = 36*d - 31*d. Calculate the remainder when d is divided by 15.
12
Let z(s) = s**3 + 4*s**2 - 2*s + 4. Let k(v) = 2*v**2 + 213*v + 4373. What is the remainder when k(-27) is divided by z(-4)?
8
Suppose -2565 = -4*y - 5*v, 0 = 69*y - 66*y + 3*v - 1929. Calculate the remainder when y is divided by 57.
23
Let m = -198 - -202. Suppose 3*f - m*p = 39 - 20, 4*p = 5*f - 37. Calculate the remainder when (-238)/(-6) + 2/6 is divided by f.
4
Let n(m) = -1565 - 1899 - 19*m + 3228. Calculate the remainder when 122 is divided by n(-15).
24
What is the remainder when 402 is divided by 118 - 0*(-6)/20*210/(-126)?
48
Let a(u) = u**3 - 7*u**2 - 2*u + 14. Let b be a(7). Let j be b + (2 - 1) - 79. Let l = 88 + j. Calculate the remainder when 17 is divided by l.
7
Let a(q) = 18*q - 128 + 11*q**2 + 17*q - 13*q**2. What is the remainder when a(6) is divided by 2?
0
What is the remainder when (-591327)/(-396) + (-2)/8 is divided by 13?
11
Suppose 0 = 14*k + 277 - 1327. Let h = k - 67. Calculate the remainder when 81 is divided by h.
1
What is the remainder when 516 is divided by ((21/(-35))/(4/20))/((-1)/171)?
3
Let q(h) = 7*h - 43. Let x(m) = m + 61 + 60 - 119. Let n be x(5). What is the remainder when 15 is divided by q(n)?
3
Calculate the remainder when (54/63)/(8/(-28)) + 1144*1 is divided by 23.
14
Let q = 4833 + -4756. Let r = -23 - -2. Let s = 47 + r. Calculate the remainder when q is divided by s.
25
Let n = -48 - -485. Suppose -5*a = 2*q - n - 83, q = -5*a + 520. Let r = -89 + a. Calculate the remainder when 73 is divided by r.
13
What is the remainder when -24 - -16 - 1/((-4)/876) is divided by 68?
7
Let f(t) = -5*t**3 + t**2 + 2. Let r be (-13)/(-13)*3/((-6)/(-4)). Let j be f(r). Let d = -4 - j. Calculate the remainder when 116 is divided by d.
26
Suppose -10*l - 19*l - l = -14070. Calculate the remainder when l is divided by 34.
27
Let n = 17 - 14. Calculate the remainder when (-248)/(-10) - (-27)/6*(-24)/(-90) is divided by n.
2
Let n = -7669 + 8536. What is the remainder when n is divided by 29?
26
Suppose 157 + 57 = 4*r - 2*p, 20 = 4*p. Let w = r + -49. What is the remai